t p(k) = 237 + 7*k**2 - 119 - k - 90. What is the tens digit of p(8)?
6
Let y = 191 + -189. Suppose 0 = -3*w + 5*f + 101, -4*f - 45 = -y*w + 23. What is the units digit of w?
2
Suppose -2*w = -7*w - 1980. Let l = -6167 - -5898. Let f = l - w. What is the units digit of f?
7
Suppose -5266872 = -31379*b + 31311*b. What is the tens digit of b?
5
Let r(g) be the third derivative of 1/120*g**6 - 23/6*g**3 + 0*g + 0 + 1/4*g**4 - 8*g**2 - 7/20*g**5. What is the hundreds digit of r(21)?
1
Suppose 4*o + 56542 = 3*z, 258*z = 263*z - 3*o - 94233. What is the tens digit of z?
4
Suppose 0 = -31*u + 11*u + 1333580. What is the units digit of u?
9
Let m(q) be the first derivative of q**4/8 - 5*q**3/3 - q**2/2 + 10. Let f(w) be the second derivative of m(w). What is the tens digit of f(16)?
3
Let l = -63247 - -97300. What is the units digit of l?
3
Suppose -857582 = -60*c - 13*c + 678265. What is the hundreds digit of c?
0
What is the thousands digit of (-1 - -2)*55945/(4 - -1)?
1
Let f(q) be the third derivative of -9*q**5/5 - 7*q**4/24 - q**3/6 - 4*q**2. Let x be f(5). What is the hundreds digit of ((-1)/(-2))/(-3*4/x)?
1
Let u(b) = -20*b + 22 + 2 + 18*b. Let m be u(11). Suppose -m*w + 240 = 2*w. What is the units digit of w?
0
Suppose -4*h + 12*h - 36360 = 0. Suppose -5*o = 5*w - h, w = 4*o + 1412 - 523. What is the hundreds digit of w?
9
Suppose 2*w = m - 1138, -7*w - 2854 = -2*w + 2*m. Let f = -537 - w. What is the tens digit of f?
3
Suppose -942 = -2*g + 722. Let b = g + -225. What is the units digit of b?
7
Suppose 4*x + 12 = -2*u, u + 3 = x + 6. Suppose u = -p + 5*p - t - 1393, -9 = -3*t. What is the tens digit of p?
4
Suppose 174033 - 16161 = 13*k. Suppose 39*d - 16*d = k. What is the tens digit of d?
2
Let m(w) = 7*w**3 + 764*w**2 - 156*w - 561. What is the thousands digit of m(-109)?
8
Let t(a) = -a**3 + 34*a**2 + 57*a - 113. What is the units digit of t(35)?
7
Suppose 3*v - 74755 = q, 5*q = -4*v + 37625 + 62004. What is the tens digit of v?
1
Let b = 41598 + -18987. What is the hundreds digit of b?
6
Suppose -5*l - 4883 = 4*x - 64650, -2*l + 59782 = 4*x. What is the tens digit of x?
4
Suppose 2*r + 25354 = 16*r. Let h = -701 + r. What is the units digit of h?
0
Suppose -142*h = -140*h - 12. Suppose -h*k = 106 - 136. Suppose -170 - 255 = -k*y. What is the units digit of y?
5
Let b = 11285 - 5244. Suppose 0 = n + 6*n - b. What is the hundreds digit of n?
8
Suppose -5*c = -5*p + 2090, -3*c + 0*c + p = 1258. Let a = c + 952. What is the hundreds digit of a?
5
What is the tens digit of ((-2)/(-9) - (-11)/(-9))*(-262 + -132)?
9
Let d(m) = 476*m - 14. What is the tens digit of d(33)?
9
Suppose 15*v = 56*v - 80606. Let y = -1159 + v. What is the hundreds digit of y?
8
Let g(j) = 109*j**2 + 71*j + 9. Let z(k) = 34*k - 208. Let o be z(6). What is the hundreds digit of g(o)?
4
What is the units digit of (23/((-1265)/88))/(4/(-37130))?
2
Suppose 37*m + 2754 = 46*m. What is the hundreds digit of m?
3
Suppose -4*l + 878 - 178 = 0. Let x be 980/l + 6/(-10). Suppose -140 = -4*r + 4*z, -x*r = 2*z - 105 - 105. What is the tens digit of r?
4
Suppose 3*a - 3801 = -387. Suppose q = z + 4*q - a, 0 = z + 2*q - 1134. What is the tens digit of z?
2
Suppose 6*m - 26 = 4*m. Suppose 0 = 18*v - m*v - 15. Suppose -d + 32 = 4*c, -d + v*d - 68 = -4*c. What is the tens digit of d?
3
Suppose k = -5*w + 7336, -15*w = -11*w + 24. What is the tens digit of k?
6
What is the tens digit of 7 + (21*286 - (-301)/43)?
2
Suppose -5*s + 6*s = 116. Let f = 133 - s. What is the units digit of f?
7
Suppose -12*q - 29*q + 35701 = 2286. What is the hundreds digit of q?
8
Let h(n) = n**3 + 25*n**2 - 169*n - 20. What is the hundreds digit of h(-21)?
2
Let i be (1 - 0)/(10/(-60)). Let f = 126 - i. What is the units digit of f?
2
What is the tens digit of (-80200)/(-160) + 1/(-4) + 5?
0
Let i = 2342 + 9638. What is the hundreds digit of i?
9
Suppose -2*j - 91 = -667. Suppose d = -d + j. Suppose 80 = 4*c - d. What is the units digit of c?
6
Suppose 3*v + 78 + 66 = 0. Let w = v + -51. Let z = w - -213. What is the tens digit of z?
1
Suppose a - 1396 = 5*x + 1295, x = a - 2703. What is the hundreds digit of a?
7
Let t(y) = 78*y**2 - 6*y + 1. Let a = 458 - 455. What is the units digit of t(a)?
5
Suppose -25*y = -31676 - 10774. Suppose 7*r - 9*r = -y. What is the units digit of r?
9
What is the ten thousands digit of (-304206)/(-28)*(3 + (2 - -2) + -5)?
2
Suppose -7*o - 5346 = -4*o. Let t = 1030 + o. What is the tens digit of 0 - t/20 - (-2)/5?
3
Let l(z) = 30*z**2 - 3. Let u be l(-3). Suppose u*i - 272*i = -1105. What is the tens digit of i?
2
Let n(j) = -j**3 - 9*j**2 + 20*j - 16. Let g be n(-11). Let w be 16/(0 - g/(-117)). Suppose 312 = 3*b - 2*f - 2*f, 3*b - f = w. What is the hundreds digit of b?
1
Suppose 0 = o + 4*n - 9975, -36*n = -34*n + 8. What is the thousands digit of o?
9
Let x(t) be the third derivative of t**5/10 - t**4 - 43*t**3/6 + 52*t**2. What is the units digit of x(14)?
7
Let a(r) = 24*r**2 + 14. Let w be 9/((-9)/2) + 6. What is the tens digit of a(w)?
9
Let b = 1010 - 341. Suppose 8*z - 3240 = -10*z. Suppose -4*f = k - z, -2*k - f - b = -6*k. What is the tens digit of k?
6
Let g(y) = -8*y + 494 + 7*y - 2*y**2 + 0*y**2 + 8*y. What is the hundreds digit of g(0)?
4
Suppose 5*u + 25 = 2*k, u = k - 7 + 2. What is the units digit of (-2265)/u*20/15?
4
Let r(o) = o**3 + 35*o**2 + 68*o + 332. What is the units digit of r(-33)?
6
Let k = -1389 - -2562. What is the hundreds digit of k?
1
Let u = -4273 + 11493. What is the thousands digit of u?
7
Let p(q) = -3*q**2 + 17*q - 13 - 3*q**2 + 3*q**2 + 2*q**2. Let x be p(16). Suppose -277 = -x*d + i, -2*d = -i + 15 - 200. What is the tens digit of d?
9
Let b = 18023 - 7148. What is the units digit of b?
5
Let i(d) = -d - 42. Let k be i(-36). What is the tens digit of (-1 + 3 + k)*(-919)/4?
1
Let o be (3 + -1)*(-153)/(-18). Suppose -2*c - 4*l = -3312, -o*l - 1653 = -c - 16*l. What is the tens digit of c?
5
Suppose 4*o - 1 = -13. Let c = o + 6. What is the units digit of (-1254)/(-4)*(23/c + -7)?
9
Suppose 5*d = 4*i - 39832, -11*d = -4*i - 5*d + 39824. What is the thousands digit of i?
9
Let b be (-1035)/10*6/9. Let s = b - -134. What is the units digit of s?
5
Suppose 0 = 4*j + 5*j - 12*j + 110307. What is the units digit of j?
9
Suppose 5*k - 2*c - 3416 = 274, -5*k = 4*c - 3690. What is the units digit of k?
8
Let x = 23918 + -11428. What is the units digit of x?
0
Suppose -2*g = -4*q - 34, -5*q = g - 13 - 39. Suppose 9*h = -0*h + g. What is the tens digit of 14*(h - (-3)/(-6))?
3
Suppose 9*v = -0 - 18. Let h(b) = -84*b + 1. What is the units digit of h(v)?
9
Suppose 20*i - 8176 = -2596. Suppose -2*o - i + 1623 = 0. What is the units digit of o?
2
Suppose -2*v + 149 = 5*u, 4*v + 0*u - 331 = u. Let n = -4809 - -4844. Let z = v - n. What is the tens digit of z?
4
Suppose 4*y - 3*y - 2*f = 6553, -y = 5*f - 6511. What is the thousands digit of y?
6
Suppose 0 = -12*s - 4641 - 448 + 41269. What is the hundreds digit of s?
0
Let b(g) = 11*g + 12 + 4*g - 3 - 5*g. Let a be 8 + 1 + -12 - (-7 + 0). What is the units digit of b(a)?
9
What is the units digit of 26890/((-36)/(-8)*110/198)?
6
What is the units digit of 95055/12 + 2 - (-111)/148?
4
Suppose -3*h - 192 = 3*h. Let b be 1/(-3) + h/(-6). Suppose -3*u = b*j - 415 - 114, -5*u + 311 = 3*j. What is the hundreds digit of j?
1
What is the thousands digit of (2/(-9))/(10/15) - 267501/(-9)?
9
Let w(v) = -v**2 - 18*v - 35. Let p be w(-15). Let b(g) = g**2 - g. Let c(y) = -2*y**2 - y - 11. Let u(h) = 6*b(h) + 2*c(h). What is the tens digit of u(p)?
9
Suppose 77 = 3*j + 2*n - 6*n, -2*j - n + 55 = 0. Suppose -5*d + j = -53. What is the tens digit of (-5)/(-40) + 366/d?
2
Suppose 4*j = -2*v - 70, 4*v - 39 = 3*j + 41. Let l be 5/j + (-36)/(-16). Suppose 0 = -2*f - l*f + 44. What is the tens digit of f?
1
Let k(u) = u**2 + 10*u - 13. Let f be k(-12). Let r(b) = 11*b + 28. Let s(d) = -32*d - 83. Let j(q) = f*r(q) + 4*s(q). What is the units digit of j(-22)?
0
Let j = 32 - 30. What is the units digit of j - 64/12*-39?
0
What is the thousands digit of (1 + -2)*11*26897/(546/(-42))?
2
Let x(v) = 2*v + 15. Let z be x(-5). Suppose 3*g = -w + 20, -4*w = -z*w + 5. Suppose -n + 2*n - 4*y = -4, g*y - 47 = -4*n. What is the